nits digit of u?
4
Let k(o) = -o + 4. Suppose 0 = 5*d + x - 24, -3*d = x - 6 - 10. Let c be k(d). Suppose -v - 5 = -r, c*r - 4*r + 10 = v. What is the units digit of r?
3
Let v(z) = -4*z**3 - z**2 + 1. Let b be v(-1). Suppose 0 = -k + 7 + b. What is the tens digit of k?
1
Suppose 0 = -2*n + 3*n - 2*d + 156, -3*n - d = 461. What is the tens digit of (3/(-2))/(7/n)?
3
Let r = -2 + 0. What is the units digit of (0 - (-3 + 0)) + r?
1
Suppose -3*r - p = 14, 2*r - 4*r = 2*p + 4. What is the tens digit of 11 - (-2)/r*3?
1
Let d(o) = 2*o**2 - o - 1. Let h be d(3). What is the tens digit of 0 + h + (-9)/(-3)?
1
Let d be (-4)/(-6) - 333/(-27). Suppose q = 2*k + d, 3*q + 3*k + 16 = -2*k. What is the units digit of q?
3
Let q(j) = j**3 - j + 2. Let w be q(-2). Let y(t) = -5*t**3 + 5*t**2 + 9*t + 3. Let s(p) = p**3 - p. Let b(o) = 6*s(o) + y(o). What is the units digit of b(w)?
7
Let c(z) = -28*z - 2. Let k be c(4). What is the units digit of k/(-7) + (-4)/14?
6
Let q(n) = 5 - 4 + 4 + n. What is the units digit of q(-3)?
2
Suppose -2*h - 2*h = 3*v - 6, -7 = h + 5*v. Let t be h/(-6) + 1/(-2). What is the tens digit of 15 - 4*t/2?
1
Let k(a) = a**2 + 6*a - 2. Let g be k(-7). Suppose -12 + g = -h. Suppose 0 = -3*t - 3*q, -5*t - 2*q + h = -8. What is the units digit of t?
5
Let l = -156 - -266. What is the units digit of l?
0
What is the units digit of 52/(-3)*6/(-4)?
6
Let a = 52 + -31. Suppose 0*z - 10 = -5*z. Suppose z*n = 5*n - a. What is the units digit of n?
7
Suppose 3*t = 4*t - 2. Suppose -2*d = t*r - 34, 24 = 3*d + 4*r - 32. What is the tens digit of d?
1
Let h(v) = 12*v**3 + 13*v**2 - 13. Let i(y) = -3*y**3 - 3*y**2 + 3. Let c(a) = 2*h(a) + 9*i(a). What is the units digit of c(-1)?
3
Let y(f) = 35*f**2 - 7*f - 6. What is the units digit of y(-1)?
6
Suppose -4*y = -0*w - 3*w + 251, -3*y = w - 75. What is the units digit of w?
1
Let v(t) be the third derivative of -t**4/8 - 2*t**3/3 + 5*t**2. What is the units digit of v(-4)?
8
Let v = 15 + -11. Let m be 3/v + (-5)/(-4). What is the tens digit of (-3 - 34/(-4))*m?
1
Let f(g) = g**2 + 7*g + 4. Let q be f(-5). Let a(k) = k**2 + 4*k - 3. What is the units digit of a(q)?
9
Suppose -v - 89 + 261 = 0. What is the hundreds digit of v?
1
What is the tens digit of 47 + (-3 - (4 - 3))?
4
Suppose 3*n = 25 + 59. What is the tens digit of n?
2
Let c(r) = r + 2. Let d be c(-2). Suppose t - 6 = -d*o - 5*o, -4*t = 3*o - 41. What is the units digit of t?
1
What is the units digit of 8/84*15*14?
0
Let j = 59 - 36. What is the tens digit of j?
2
Let f be 1/(3/19)*3. Let n = -11 + f. What is the units digit of n?
8
Let z(p) = p + 5. Let m(n) = -2*n**2 + n. Let k be m(-2). Let y = k + 6. What is the units digit of z(y)?
1
Suppose 0*h - 1112 = -4*h. What is the hundreds digit of h?
2
Suppose -3*y = h - 20, -2*h + 3*y = y - 80. What is the units digit of h?
5
Suppose 2*f + 4 + 2 = 2*x, 0 = 5*f - 25. Suppose c - 3*c + x = 0. What is the units digit of c?
4
Suppose 13*i - 6*i = 140. What is the units digit of i?
0
What is the units digit of (-2 - -1)/(9/(-387))?
3
Let j(x) = x**2 + 1. Let n(d) = 3*d**3 - 6*d**2 - 7. Let z(q) = 6*j(q) + n(q). What is the units digit of z(1)?
2
Let d be -3 - 1/(4/(-36)). What is the units digit of (-4)/12 + 32/d?
5
Let v(y) be the third derivative of -3*y**2 + 0*y + 4/3*y**3 + 0 - 1/120*y**6 + 1/3*y**4 + 1/10*y**5. What is the units digit of v(7)?
5
What is the units digit of (64 - (5 - 4))/1?
3
Let u(i) = -7 + 10 - 8 - 11*i. What is the units digit of u(-4)?
9
Suppose 0 = -b + 4*d + 23, 0*d = 5*b + 5*d - 15. Let h = b - 3. Suppose 1 = -v + h. What is the units digit of v?
3
Let w(o) = -o**2 - 9*o + 1. Let k be w(-8). Let n(q) = q. Let l be n(-2). Let g = k + l. What is the units digit of g?
7
Suppose 2*g = 37 - 3. What is the tens digit of g?
1
What is the tens digit of (-2)/5 - 1272/(-30)?
4
What is the units digit of (-4*147/6)/(-2)?
9
Suppose -g - 40 = 4*g. Let k = g - -48. What is the tens digit of k?
4
Let j be (6*1)/(3/4). Suppose m - 3*t = -2 + 14, -m - t = -j. What is the units digit of m?
9
Let o = -25 + 68. What is the tens digit of o?
4
What is the tens digit of 3*(-4)/3 - -15?
1
Suppose -7*b = -7 - 21. Suppose a - b + 0 = 0. What is the units digit of a?
4
Let u(q) = q**3 + 5*q**2 + 8*q + 2. What is the tens digit of u(5)?
9
Suppose a + 0*d = 5*d + 11, -2*d = 2*a + 2. Suppose 3*g - 5 = a. What is the units digit of g?
2
Let x(l) be the third derivative of -l**5/60 + 3*l**3 + l**2. What is the tens digit of x(0)?
1
What is the units digit of ((-11)/(-3))/((-18)/(-216))?
4
Suppose -2*j = 4*v, v - 5*v = 5*j + 12. What is the units digit of 14 + v/2 - -2?
7
What is the units digit of (-1)/(-5) - 14/(-5)?
3
Suppose -6*a + 90 = -2*a - q, 3*q + 40 = 2*a. What is the units digit of a?
3
Let o = 32 - 18. What is the units digit of o?
4
Let d = 34 + -16. Suppose 4*t = 6*t - d. What is the units digit of t?
9
Suppose -2*y + 55 = -4*b - 315, 2*y - b = 364. What is the tens digit of y?
8
What is the tens digit of 2*36/8 - -3?
1
Suppose 0 = 2*u + 8, 4*c + 0*u + 2*u = -24. Let o be (c/(-6))/(2/21). Let w = -3 + o. What is the units digit of w?
4
Let w(z) be the third derivative of -2*z**4/3 - z**3/6 - 4*z**2. What is the tens digit of w(-1)?
1
Suppose 4*k = 3*k. Suppose 0*z - 44 = -4*z - 4*h, -2*h - 8 = k. Suppose 5*b - 5 = z. What is the units digit of b?
4
Let x be 1/(-3) + 220/12. Let o = x + -5. What is the units digit of o?
3
Suppose g - 25 = -4*g. Suppose -l = -g - 7. What is the tens digit of l?
1
Let z(t) = 10*t + 4. What is the tens digit of z(4)?
4
Let r(v) = -2*v - 2. Let p = 4 - 0. Suppose -4*d - 48 = -p. What is the tens digit of r(d)?
2
Let y be 5/(-2 + (-45)/(-20)). Suppose 3*n + m = 79, -2*m = -n - 4*m + 18. Suppose -2*f + f + 2*w = -y, -f + 4*w + n = 0. What is the tens digit of f?
1
Let l(d) = -5*d + 4. Let z(a) = 6*a - 5. Suppose 5*b + 24 + 4 = 2*r, 0 = -4*b - 3*r - 27. Let s(x) = b*z(x) - 7*l(x). What is the units digit of s(-4)?
6
Suppose b = 3*i + 12, 5*i = -17 + 2. Suppose 0 = q - b - 5. What is the units digit of q?
8
Let l = -20 - -39. Suppose -5*k - 4 = -l. Suppose k*g = 2*c - 12, -g = c + 2*g - 24. What is the tens digit of c?
1
Let v(n) = 11*n + 7. What is the units digit of v(4)?
1
Let a = 3 - 2. Let d be (-1 - 4/(-3))*6. Let i = d + a. What is the units digit of i?
3
Let k be ((-9)/2)/((-9)/(-12)). Let w(p) = p**2 + 7*p + 7. Let c be w(k). What is the units digit of c/(2/2) + 1?
2
Suppose -23 = -2*a - r + 42, 5*r = -3*a + 115. What is the tens digit of a?
3
Let z(f) = 5*f - 6. Let c(o) = -4*o + 6. Let w(i) = 4*c(i) + 3*z(i). Let l be w(6). Suppose 3*x + n - 24 = l, 4*x + 4*n = 15 + 17. What is the units digit of x?
8
Let i(t) = t**3 - 4*t**2 + 3*t + 5. Let l(c) = c**2 - c - 2. Let r be l(-2). What is the units digit of i(r)?
7
What is the units digit of (-1317)/(-15) - 2/(-10)?
8
What is the tens digit of 328/(-12)*3/(-2)?
4
Let x(l) = -2*l - 4. Let k be x(-3). Suppose 0 = -5*w + k*w + 39. What is the tens digit of w?
1
Suppose 76 = 5*p - 149. What is the units digit of p?
5
Suppose 0 = 2*x + x - 21. Let d = x - 12. What is the tens digit of 3/d + 103/5?
2
Let b(v) = -3*v - 6. Suppose 15 = j - 4*j. What is the units digit of b(j)?
9
Suppose -3*w + 151 = -14. What is the tens digit of w?
5
Let i = 11 - 8. Suppose 12 = i*r + r. Suppose r*k + 4 = 16. What is the units digit of k?
4
Suppose -5*n - 3*g - 16 = -10*n, -n - 4 = -3*g. Suppose -n*t = -0*t - 35. What is the units digit of t?
7
Let w(v) = v**2 - v - 2. Let k be w(3). Suppose -5*h = 0, 5*m - k*h = -h + 90. Suppose -t + 3*t = m. What is the units digit of t?
9
Let d be 1/(2 + -1) + 19. Let m = d + -2. What is the tens digit of m?
1
Suppose 3*u + 5 = 14. Suppose 3*l + 0*y + u*y + 21 = 0, 4*y = 5*l + 8. What is the tens digit of 14 - -1 - l/(-4)?
1
Let m be -6 + 16 + (-2)/2. Let h = 12 + m. What is the units digit of h?
1
Suppose 9 = -3*o - 6. What is the units digit of 1 + (-1 - o) + -1?
4
Suppose -4*x + 5 = -15. Suppose 5*y + 3 + 2 = 0, 5*v - 25 = x*y. What is the units digit of v/18 - (-104)/18?
6
Suppose 3*s = -4*i + 27, 4 + 2 = 3*s - 3*i. Suppose -2*o + 76 = 4*z - z, -s*o - 63 = -4*z. What is the units digit of z?
2
Suppose 0 = 5*g - 40 - 30. Let y = g - 9. What is the units digit of (y + 1)/(-4 - -5)?
6
Su